768.
2, 281, 433
What are the prime factors of 471793?
7, 67399
List the prime factors of 35537559.
3, 71, 166843
List the prime factors of 27140927.
11, 2467357
List the prime factors of 81872.
2, 7, 17, 43
What are the prime factors of 5149700?
2, 5, 23, 2239
List the prime factors of 606423.
3, 19, 10639
What are the prime factors of 154008?
2, 3, 23, 31
What are the prime factors of 30904?
2, 3863
List the prime factors of 1575745.
5, 89, 3541
List the prime factors of 10070118.
2, 3, 559451
What are the prime factors of 2554544?
2, 43, 47, 79
List the prime factors of 3730875.
3, 5, 9949
List the prime factors of 2268256.
2, 73, 971
What are the prime factors of 9262180?
2, 5, 31, 14939
What are the prime factors of 52419?
3, 101, 173
List the prime factors of 15792964.
2, 11, 358931
List the prime factors of 7891261.
7, 1127323
List the prime factors of 602924.
2, 7, 61, 353
List the prime factors of 4798732.
2, 1199683
What are the prime factors of 31252556?
2, 47, 166237
List the prime factors of 1178762.
2, 13, 45337
List the prime factors of 3353215.
5, 19, 47, 751
List the prime factors of 14148553.
14148553
List the prime factors of 7002590.
2, 5, 7, 31, 461
What are the prime factors of 61948?
2, 17, 911
What are the prime factors of 12474785?
5, 29, 227, 379
What are the prime factors of 262932?
2, 3, 21911
List the prime factors of 21701874.
2, 3, 41, 47, 1877
What are the prime factors of 80888?
2, 10111
List the prime factors of 70043.
89, 787
List the prime factors of 2406991.
2406991
List the prime factors of 7174580.
2, 5, 7, 7321
List the prime factors of 1397128.
2, 17, 10273
List the prime factors of 34131122.
2, 17065561
What are the prime factors of 2322423?
3, 83, 3109
What are the prime factors of 301417?
73, 4129
What are the prime factors of 397969?
11, 13, 23
List the prime factors of 212386.
2, 103, 1031
What are the prime factors of 34425561?
3, 17, 337, 2003
What are the prime factors of 123744?
2, 3, 1289
What are the prime factors of 161356?
2, 13, 29, 107
List the prime factors of 425021.
47, 9043
What are the prime factors of 3638942?
2, 1819471
List the prime factors of 35485458.
2, 3, 23, 257141
List the prime factors of 8916226.
2, 11, 23, 67, 263
What are the prime factors of 2376867?
3, 71, 11159
What are the prime factors of 206191?
206191
What are the prime factors of 714323?
17, 42019
List the prime factors of 14360.
2, 5, 359
List the prime factors of 2115644.
2, 528911
What are the prime factors of 15416318?
2, 2137, 3607
What are the prime factors of 38031975?
3, 5, 17, 61, 163
What are the prime factors of 449347?
449347
What are the prime factors of 161003?
233, 691
List the prime factors of 2660374.
2, 37, 35951
What are the prime factors of 11617184?
2, 363037
What are the prime factors of 623939?
523, 1193
What are the prime factors of 7751653?
7, 13, 43, 283
List the prime factors of 26503.
17, 1559
List the prime factors of 1633026.
2, 3, 272171
List the prime factors of 918383.
311, 2953
List the prime factors of 240209.
240209
List the prime factors of 3078536.
2, 384817
What are the prime factors of 20580625?
5, 13, 17, 149
List the prime factors of 2180244.
2, 3, 11, 83, 199
What are the prime factors of 683238?
2, 3, 23, 4951
What are the prime factors of 207729?
3, 23081
List the prime factors of 4776245.
5, 421, 2269
What are the prime factors of 2943133?
2943133
What are the prime factors of 784174?
2, 392087
List the prime factors of 1414675.
5, 71, 797
List the prime factors of 1276440.
2, 3, 5, 11, 967
List the prime factors of 1615198.
2, 13, 23, 37, 73
What are the prime factors of 30723471?
3, 17, 200807
What are the prime factors of 12122576?
2, 757661
List the prime factors of 179056.
2, 19, 31
List the prime factors of 2833517.
2833517
List the prime factors of 591891.
3, 197297
List the prime factors of 2176687.
59, 79, 467
List the prime factors of 28844353.
31, 887, 1049
What are the prime factors of 1123248?
2, 3, 7, 3343
List the prime factors of 153233.
31, 4943
List the prime factors of 830027.
11, 61, 1237
List the prime factors of 56572.
2, 14143
List the prime factors of 834722.
2, 7, 109, 547
What are the prime factors of 1413567?
3, 17, 9239
List the prime factors of 9664865.
5, 7, 461, 599
List the prime factors of 2128488.
2, 3, 131, 677
What are the prime factors of 295738?
2, 67, 2207
What are the prime factors of 1479645?
3, 5, 131, 251
What are the prime factors of 303514?
2, 29, 5233
What are the prime factors of 5035952?
2, 314747
List the prime factors of 4776639.
3, 7, 227459
What are the prime factors of 484012?
2, 23, 5261
List the prime factors of 553477.
293, 1889
What are the prime factors of 22860639?
3, 2540071
What are the prime factors of 1912076?
2, 41, 89, 131
What are the prime factors of 9101412?
2, 3, 252817
What are the prime factors of 261988?
2, 65497
What are the prime factors of 13018923?
3, 17, 85091
List the prime factors of 4347801.
3, 17, 157, 181
List the prime factors of 11105001.
3, 131, 9419
What are the prime factors of 36234510?
2, 3, 5, 13, 53, 1753
List the prime factors of 8116775.
5, 149, 2179
What are the prime factors of 342778?
2, 367, 467
What are the prime factors of 3238418?
2, 1619209
What are the prime factors of 3640775?
5, 137, 1063
List the prime factors of 1063930.
2, 5, 7, 15199
List the prime factors of 1079818.
2, 59, 9151
List the prime factors of 14957559.
3, 331, 5021
What are the prime factors of 877709?
7, 125387
List the prime factors of 721266.
2, 3, 7, 13, 1321
What are the prime factors of 2756531?
859, 3209
What are the prime factors of 159362?
2, 7, 11383
What are the prime factors of 252671?
17, 89, 167
What are the prime factors of 224769?
3, 74923
What are the prime factors of 21553597?
13, 977, 1697
List the prime factors of 5201020.
2, 5, 11, 47, 503
What are the prime factors of 11140467?
3, 13, 331, 863
What are the prime factors of 456706?
2, 228353
List the prime factors of 1492602.
2, 3, 19, 13093
What are the prime factors of 1868455?
5, 113, 3307
List the prime factors of 182895.
3, 5, 89, 137
List the prime factors of 2562823.
1423, 1801
List the prime factors of 190809.
3, 37, 191
List the prime factors of 15474971.
15474971
List the prime factors of 182056.
2, 7, 3251
List the prime factors of 3713624.
2, 29, 16007
List the prime factors of 6281024.
2, 17, 23, 251
What are the prime factors of 49192?
2, 11, 13, 43
What are the prime factors of 98203?
7, 14029
What are the prime factors of 5567726?
2, 43, 101, 641
List the prime factors of 37961.
7, 11, 17, 29
List the prime factors of 403612.
2, 11, 9173
What are the prime factors of 16997082?
2, 3, 2832847
What are the prime factors of 3600727?
13, 29, 9551
What are the prime factors of 1136191?
7, 29, 193
List the prime factors of 49025.
5, 37, 53
List the prime factors of 401948.
2, 17, 23, 257
What are the prime factors of 500085?
3, 5, 11113
List the prime factors of 3318298.
2, 17, 5741
List the prime factors of 1169222.
2, 19, 29, 1061
List the prime factors of 167642.
2, 109, 769
What are the prime factors of 1906904?
2, 238363
What are the prime factors of 9245248?
2, 19, 7603
What are the prime factors of 11951300?
2, 5, 119513
What are the prime factors of 597266?
2, 523, 571
List the prime factors of 7708071.
3, 7, 283, 1297
List the prime factors of 131290.
2, 5, 19, 691
List the prime factors of 195921.
3, 11, 1979
List the prime factors of 16722835.
5, 47, 71161
What are the prime factors of 100515?
3, 5, 6701
What are the prime factors of 468069?
3, 7, 31, 719
What are the prime factors of 78412?
2, 19603
List the prime factors of 1267302.
2, 3, 211217
What are the prime factors of 195873?
3, 109, 599
List the prime factors of 23823630.
2, 3, 5, 17, 23, 677
What are the prime factors of 88768?
2, 19, 73
What are the prime factors of 2839762?
2, 83, 17107
What are the prime factors of 234496?
2, 229
List the prime factors of 7924387.
19, 193, 2161
List the prime factors of 7776706.
2, 7, 103, 5393
What are the prime factors of 2407862?
2, 1203931
List the prime factors of 2937597.
3, 13, 75323
What are the prime factors of 10855253?
10855253
What are the prime factors of 12818553?
3, 11, 71, 5471
List the pri